mine c(-4).
-5
Suppose -4 = -4*z + 2*w, 0 = 2*z - 5*w + 3*w. Let o(q) = -3*q + 3. What is o(z)?
-3
Let q = 56 - 59. Let l(o) = -o**3 - 2*o**2 + 3*o + 4. Determine l(q).
4
Let s(y) be the third derivative of -y**4/24 - 2*y**3/3 + y**2. Let i be 2/12 + 245/(-30). Let k = i - -8. What is s(k)?
-4
Let b(c) = c - 1. Let d(k) = 3*k - 4. Let q(g) = 17*b(g) - 6*d(g). What is q(5)?
2
Suppose -3*j - 13 = -h - 5, 5*h = 4*j + 29. Let q(z) = z - 3*z**2 - 3*z**2 - 7*z**2 + 9*z**2. Determine q(j).
-5
Let l be -4 + 66/9 - (0 - -3). Let a(h) be the second derivative of 2*h**2 + 3*h + 0 - l*h**3. Calculate a(3).
-2
Let i(g) be the first derivative of g**2 + 3*g - 59. What is i(-6)?
-9
Let u be (1 - -2) + (-1 - -3). Let h(q) = -4*q - 1 + 0*q - 3*q**2 + u*q. Give h(2).
-11
Suppose -x = 3*x - 8. Let b(y) = -5*y**2 - 3*y**3 + y**3 + 2*y + 3*y**x. Determine b(-2).
4
Let d(x) = -2*x + 7. Let f(p) = 3*p - 13. Let s(h) = 7*d(h) + 4*f(h). Determine s(5).
-13
Let o(g) = -g**3 + 9*g**2 - 9*g - 6. Suppose -3*i - 2*i + 4*z = -20, -4*i + 42 = 2*z. Determine o(i).
-14
Let d(u) be the third derivative of -u**6/120 - u**5/12 + u**4/6 - 20*u**2. Give d(-6).
12
Let p(y) = 4*y**3 - y**2. Let m be -6 + -7 + (2 - 0). Let n = 12 + m. Determine p(n).
3
Let y(c) = c**2 + 1. Suppose -5*z + 4 = 4*d, 5*d + 2*z - 5 = -0. Let f be y(d). Let v(h) = -1 - 4*h + 4*h + h**f + 2*h. Determine v(-4).
7
Let w(d) = d**2 - 5*d - 2. Let x(r) = -r + 15. Let v be x(10). Determine w(v).
-2
Let s(n) = 10*n**3 - 2*n**2 + n - 1. Let g(v) = -v**2 + v - 1. Let q(m) = -g(m) + s(m). What is q(-1)?
-11
Let h(o) be the third derivative of o**5/60 + o**4/12 + o**3/3 - 5*o**2. Determine h(-5).
17
Let f(p) = 6*p**3 + p**2 - 2*p + 1. Let b be f(1). Suppose 3*h - 7 = 11. Let a(l) = 1 + 2*l**3 + 5*l**2 + h*l - 3*l**3 + 0 + 0. Calculate a(b).
1
Let a(n) = n**2 - 5*n - 3. Let g = -36 + 42. Give a(g).
3
Let m(k) = -4*k + 3*k**2 + 3*k - 2*k**2. Suppose -3 = -2*i - 5. Let d be (-2 + (1 - 2))*i. Give m(d).
6
Let l(u) be the third derivative of -u**6/120 - u**5/20 + u**4/6 + 2*u**3/3 - u**2. Suppose -z + 31*z + 90 = 0. Determine l(z).
-8
Let n(d) = -d**3 + 4*d**2 + 6*d + 4. Let b(i) be the second derivative of -i**4/12 + 4*i**3/3 - 7*i**2/2 - 2*i. Let s be b(6). What is n(s)?
9
Let c(o) = o**2 - 7*o - 12. Let z be c(9). Let w(f) = f - 4. Give w(z).
2
Let z(h) = 3*h**2 + 14*h + 16. Let s(i) = -i**2 - 5*i - 5. Let k(a) = -7*s(a) - 2*z(a). Calculate k(-7).
3
Let o(l) = 2*l - 2 - 1 + 3. Let q(b) be the third derivative of b**6/120 + b**5/15 + 5*b**4/24 + b**3/2 + b**2. Let k be q(-3). Determine o(k).
-6
Let i = -3/46 - -13/23. Let w(r) be the first derivative of -2 + i*r**4 - 2/3*r**3 + 3*r - r**2. Give w(2).
7
Let o(y) = y**2 - 2*y + 3. Let c be o(2). Suppose 7*a = 5*u + 3*a - 31, 5*u - 7 = -2*a. Let b(k) = -5 - 2*k - u*k + 7 + 6*k. Give b(c).
5
Let c be (1 - 7)*(-6)/(-9). Let f(r) = 2*r. Determine f(c).
-8
Let a be 4 + -1 + 0/(-21). Let w(u) = 14*u**3 - 2*u**2 - 32*u - 11. Let m(l) = -5*l**3 + l**2 + 11*l + 4. Let r(z) = 17*m(z) + 6*w(z). Give r(a).
5
Let g = 2 + 4. Let x(m) = -m + 4. What is x(g)?
-2
Suppose -6 = -7*v + 6*v. Let g(j) = -j**2 + 8*j - 14. Let w be g(v). Let a(l) = l**3 + l**2 - 1. What is a(w)?
-5
Let t(s) be the first derivative of -2*s**3/3 - s**2 - 1. Let v(b) = -3*b - 17. Let d be v(-5). Calculate t(d).
-4
Suppose -3*k + 6*k = 0. Let b(q) = q**3 - q**2 + q + 7. What is b(k)?
7
Let f(b) = -5*b + 4*b - 3 - 4*b + 0. Let d(s) = 16*s + 10. Let l(w) = -2*d(w) - 7*f(w). Determine l(-2).
-5
Let i(d) = -2 - d - 1 + 2*d. Let n = -9 - -33. Let q be (-15)/(-2) + n/(-16). Determine i(q).
3
Let u(o) = -137*o + 42*o + 13 + 43*o + 53*o. What is u(-6)?
7
Let h be -3 - (1 + -1) - -1. Let z(m) = 2 + 3*m + 0*m**2 - m**2 + 3*m**2. Give z(h).
4
Let v(r) = r**2 + 6*r - 7. Let i be -4*((-1)/2 + 2). Calculate v(i).
-7
Let b(a) be the second derivative of a**5/20 + a**4/3 + a**3/2 + a**2/2 + 13*a. Give b(-3).
1
Let t(f) = f**3 + f - 1. Let z(d) = 5*d**3 + 4*d**2 + 4*d + 1. Let q(v) = -4*t(v) + z(v). Give q(-4).
5
Let p(d) = d**2 - 2*d. Let l be p(2). Let u(h) = h**2 + 2 - h + 6*h - 4*h. Give u(l).
2
Suppose -3*r - 4 = -2*r. Let q be (-5)/(-2)*6/5. Let x(j) = -7 + 2 - j + q. Give x(r).
2
Let t(z) be the first derivative of -1/4*z**4 + 0*z + 1 - 3/2*z**2 - 4/3*z**3. Let n(o) = -o**3 + 2*o**2 + 3*o - 2. Let l be n(3). Calculate t(l).
-2
Let y be (1/2*0)/(-2). Let v(o) = -o**2 - o - 12. What is v(y)?
-12
Let p = 3 + 3. Let o be (-9)/2 + p/(-4). Let w(a) = -a**3 - 6*a**2. Calculate w(o).
0
Let k(u) = -1. Let y(o) = -2*o + 4. Let v be (8 - 6)*1/2. Let r(d) = v*y(d) - 3*k(d). Let a = -5 + 10. What is r(a)?
-3
Let x(o) = -4*o - 2*o**2 + 3*o**2 - 2*o + 6. Calculate x(5).
1
Let u(f) = 3 - 1 - f + 22*f**2 - 20*f**2 - 2*f**3. Let g be (6/9)/(1/12). Let t = -6 + g. Calculate u(t).
-8
Let q = 5 - 2. Let u(d) = -q*d - 2 + 2 + 0. Determine u(1).
-3
Suppose 4*v + 0 = -8. Let p be 1 - 1/(v/(-2)). Let d = 4 + p. Let w(g) = -g**2 + 4*g - 6. Give w(d).
-6
Let p(f) = -1 + 1 + 1 - 7*f**2 + 2*f**2 - 2*f**2. Let v = 2 + -1. Give p(v).
-6
Suppose -4*v - 3*r = 0, -2*r = -5*v + 3*r. Let z(o) = -2*o + v + 0*o - 3. Let l(i) = -i**3 + 4*i**2 - 5. Let g be l(4). Give z(g).
7
Let n(p) = p**2 - 5*p + 4. Let h = -18 - -22. Calculate n(h).
0
Let y(i) = -22*i + 3. Let w(a) = 15*a - 2. Let v(c) = -7*w(c) - 5*y(c). Determine v(2).
9
Let q(g) = -7*g**3 + 2*g + 1. Suppose -11 = -a + 3*c, a + a - c - 2 = 0. What is q(a)?
6
Let x(a) = 3*a + 2. Let q(r) be the second derivative of r**3/3 + r**2/2 - 3*r. Let p(m) = 7*q(m) - 5*x(m). Calculate p(-6).
3
Let u = -97 - -98. Let w(k) = 8*k**3 - k**2. Give w(u).
7
Let o(u) = u**3 - u**2 - 8*u + 1. Let s(i) = -i**3 - i**2 + 3*i. Let j(r) = -o(r) - 3*s(r). Let c be 13/(-4) + (-2)/(-8). Calculate j(c).
-16
Let g(c) be the third derivative of -c**5/60 + 5*c**4/24 + c**3/6 - 6*c**2. Calculate g(5).
1
Let g(d) = -13*d**3 + 21*d**2 + 3*d - 16. Let s(m) = -3*m**3 + 5*m**2 + m - 4. Let u(j) = -2*g(j) + 9*s(j). Calculate u(4).
-8
Let y(s) be the third derivative of 1/60*s**5 - 7/24*s**4 + 0 + 7/6*s**3 + 0*s - s**2. Calculate y(5).
-3
Let j(x) = -x**3 - 6*x**2 + 5. Let g(f) be the second derivative of 1/6*f**3 + 0 - 3*f - 13/2*f**2. Let m be g(7). Give j(m).
5
Let z(m) = -2*m + 4. Suppose 0 = -2*j - 3*j + 20, -3*a - j + 25 = 0. Give z(a).
-10
Let s(y) = -2*y**2 + 3 - 8 + 4*y + 3*y**2. Calculate s(-4).
-5
Let r(o) = 4 + 0 - o**2 + 4*o - 1 - 3*o. What is r(0)?
3
Let z(m) = -m**2 - m - 2. Let i be 0/((1/(-2))/(15/60)). Determine z(i).
-2
Let q(c) = -3*c - 5. Let s(h) = -8*h - 14. Let r(d) = -14*q(d) + 5*s(d). Determine r(-4).
-8
Let x = 12 + -9. Let m(g) be the third derivative of g**8/20160 - g**6/180 - g**5/60 - g**2. Let f(v) be the third derivative of m(v). What is f(x)?
5
Let i(m) = -2*m + m - 3*m + 5*m + m**2. What is i(-2)?
2
Let o(b) = -b - 2. Suppose -3*p - 31 + 2 = 2*r, -5*r + 2*p - 25 = 0. Determine o(r).
5
Let b(r) = -r - 9. Suppose v = -1 + 6. Suppose v*w + 12 = -8. Give b(w).
-5
Let f(i) = i**3 + i**2 + 13. Let b(w) = w - 2. Let x be b(2). Calculate f(x).
13
Let k(t) = -t - t + 2 + t. Let u be -2*(0 + (-3)/2). Suppose -2*f - 7 + u = 0. Calculate k(f).
4
Let a(p) = -86 + 25 + 29 + 31 - p. What is a(-5)?
4
Let s(b) = -5*b**2 + b - 1. Let c(y) = 11*y**2 - y + 1. Let j(l) = -6*c(l) - 13*s(l). What is j(-8)?
-1
Let k = 0 + 3. Suppose 2*n - k*n + 5*p - 14 = 0, n + 5*p = 26. Let g(y) = -y + 2. What is g(n)?
-4
Let a(p) = 2*p**3 + 1 + 1 - 3*p + 0. Determine a(2).
12
Let u(x) be the third derivative of -x**5/60 + 11*x**3/3 + 40*x**2. What is u(0)?
22
Let k(w) be the first derivative of -w**6/360 + w**5/15 - w**4/6 - 2*w**3 - 3. Let q(o) be the third derivative of k(o). Calculate q(6).
8
Suppose 0 = 2*q - 1 + 9. Let h(w) be the third derivative of 0 + 0*w**3 - 1/12*w**4 + 0*w + w**2. Determine h(q).
8
Let b(t) = 9*t**2 + 6*t - 7. Let z(a) = -a + 1. Suppose 7 = -3*o + 25. Let p(h) = o*z(h) + b(h). Calculate p(1).
8
Let i(d) = -2*d - 1. Suppose s + 2 = 1, m = 3*s + 6. Let v = 2 - m. Let c = v + 3. What is i(c)?
-5
Let t(q) = -17*q + 4 - 2 + 19*q. What is t(-4)?
-6
Let t = -1 + 5. Let z(y) be the first derivative of y**4/4 - 4*y**3/3 - y**2 - y + 2. Calculate z(t).
-9
Let c(y) be the first derivative of y**3/3 + 7*y**2/2 + 2*y + 31. Calculate 